) = 20*y**2 - 2*y - 5. Is v(u) a prime number?
False
Let m(y) = 302*y**2 + 30*y - 99. Is m(7) a prime number?
False
Let o(c) = -c**2 - 7*c - 6. Let j be o(-5). Let i = j - -3. Suppose -6*g = -i*g + 211. Is g prime?
True
Let i = 1037 + 200. Let o = i - 818. Is o a prime number?
True
Let q(u) = -8*u + 30. Let g be q(19). Let o = g + 184. Is o composite?
True
Suppose -3*k = -4*v - 18 - 18, 2*k + 5*v - 24 = 0. Suppose k = a + 2*a. Suppose -a*r + 56 = -0*r. Is r prime?
False
Let w(m) = 148*m**2 + 60*m + 19. Is w(-8) a composite number?
False
Let h = -40 + 44. Suppose -7237 = -h*s - 1001. Is s composite?
False
Is (-85268)/2*(-126 + 125) a prime number?
False
Let l = 3 - 3. Let u be -140 + -7 + (-2 - l). Let k = 72 - u. Is k a composite number?
True
Suppose 5*l - 1412 = l + 2*k, 3*l - 1059 = -2*k. Is l prime?
True
Suppose -4*o + 23 - 151 = a, 4*o = 5*a + 664. Let b = 186 + a. Suppose -6 = -4*c + b. Is c prime?
False
Is ((-22)/(-44))/(2/16) - -96175 a prime number?
True
Is (3/(-9)*3)/(4/(-476)) composite?
True
Is (2 + (-130115)/(-15))/((-5)/(-15)) composite?
False
Let q = -1687 - -2930. Let o = -882 + q. Is o a prime number?
False
Let v(q) = -3*q - 4. Let w be v(-2). Suppose n = w, 0 = -2*u + 3*u - n - 147. Is u composite?
False
Suppose 0 = -6*f + 12*f - 2382. Is f a composite number?
False
Let b = 5907 + -1286. Is b prime?
True
Let a = 110 - -54. Let z(y) = -y**3 - 11*y**2 - 2*y + 10. Let g be z(-9). Let d = a - g. Is d prime?
False
Let k be (6/4)/(24/160). Is 249 + 5/(k/(-4)) a composite number?
True
Let n = 50 + -45. Suppose 0 = -2*j - 0*m + m + 3017, 0 = -n*j + 4*m + 7547. Is j composite?
True
Let w = -289 - -111. Let g = -29 - w. Is g a composite number?
False
Let w be (92/115)/(2/45). Is (-1562)/(24/w*(-3)/2) prime?
False
Suppose -560 = -7*v + 3*v - 5*l, -4*v = 3*l - 560. Suppose 2*b - 152 = -2*b + 5*p, 0 = 4*b - 2*p - v. Let x = b - -32. Is x a prime number?
False
Let d = 66 + -60. Suppose d*r + 120 = 702. Is r a prime number?
True
Suppose -f + 6*f - 68 = -3*x, -4*f + x = -51. Let q = 13 - f. Suppose 2*n = -q*n + 446. Is n a prime number?
True
Let i = 305 + -397. Let t(v) = 16*v**2 - 5*v + 5. Let w be t(4). Let j = w + i. Is j a prime number?
True
Suppose 2*a = a + n + 979, 3*a - 2921 = -5*n. Suppose 2*u + 3*q - a = 0, -2*u = 3*q - 2*q - 983. Is u a composite number?
True
Suppose -57*a + 70*a = 283387. Is a composite?
False
Suppose 107*a + 781 = 118*a. Is a prime?
True
Suppose -4*h = 5*k - 158957, 0 = k - 21*h + 26*h - 31783. Is k prime?
True
Let r(t) = -2*t**3 - 9*t**2 + 5*t + 5. Let k be r(-5). Suppose 6*h - 2*h = -s + 3183, 3995 = k*h - 2*s. Is h a composite number?
False
Let t = -11447 - -22294. Is t prime?
True
Suppose 3*t + 4*i - 3842 = 3364, -2*t - 3*i + 4805 = 0. Is t/8 + -1 - 26/(-104) composite?
True
Suppose -4*j + 2 = m, j = -j - 5*m + 10. Is 1145 + (j - (1 - -3)) a prime number?
False
Suppose 22*t - 59040 = -7054. Is t a prime number?
False
Let w = 64597 - 36830. Is w composite?
False
Let u = 1910 + -1783. Is u a composite number?
False
Is (340/(-15) + 5)*-381 prime?
False
Let j be (1 - 0) + -1 + 542. Let w = j - 1075. Let o = 1200 + w. Is o a composite number?
True
Let i = 453 + -865. Is (12/(-16) - 0)*i a composite number?
True
Suppose 3*s - 3*w - 30648 = 0, -w + 16196 = 3*s - 14464. Is s a composite number?
True
Let q(w) = w**2 - 13*w + 3. Let t be q(13). Suppose 0 = 2*p - t*h - 734, 0 = 5*p - 0*p - 2*h - 1857. Is p a composite number?
False
Let j = 17 + 3. Suppose j = 3*a + 2*a. Suppose -a*d = -8*d + 316. Is d prime?
True
Suppose 5*l - 2*f - 39 = 0, -l + 3*f + 17 = -2*f. Suppose -l*y - 167 = -1644. Is y a prime number?
True
Let o = 3863 + -1492. Is o a composite number?
False
Suppose 0 = -7*d + 4*d + 4065. Let m = d - 821. Suppose -4*t + m + 1430 = 0. Is t prime?
True
Let h(x) = 3*x + 5. Let u be h(2). Let a = 22 - u. Is a composite?
False
Let b = -2 + 25. Let a = 18 - b. Let r(q) = -3*q**3 + 5*q**2 - 7*q + 2. Is r(a) composite?
True
Let h(q) = 49*q**2 + 5*q + 2. Let n be h(-3). Let k = -278 + 181. Let r = n + k. Is r composite?
False
Let j = 3904 + -2558. Suppose -1346 = -2*b + 4*f - 3*f, -2*b - f = -j. Is b prime?
True
Suppose 6*h - 15943 = -1177. Is h a prime number?
False
Is 4/((-32)/(-3628))*(-60)/(-30) a prime number?
True
Let v = 454 + -248. Suppose -5*i - 80 = 3*q + 2*q, -5*q - 70 = -5*i. Let u = v + q. Is u composite?
False
Is 7 + (24/(-64) - (-138033)/24) prime?
False
Let s(d) = d**2 - 14*d - 31. Let z be s(18). Suppose z + 1187 = 4*v. Is v a prime number?
True
Let k be (-12)/(-8) + (-1)/(-2). Suppose 7*h - 15161 = 2*h + k*c, 0 = -2*h + 5*c + 6077. Is h a composite number?
True
Let z(a) = a**3 - 23*a**2 + 52*a - 11. Is z(22) a prime number?
False
Suppose 41*g - 35137 = 23862. Is g a composite number?
False
Suppose 7*b - z - 10493 = 4*b, 5*b - 5*z - 17475 = 0. Is b a prime number?
True
Let d(j) be the first derivative of -3*j**4/2 - 4*j**3/3 - 4*j**2 - 9*j + 43. Is d(-5) composite?
True
Is (14/(-4))/(47/(-179822)) composite?
True
Suppose -5*d + 0 = 4*s - 3, 2*s - 3 = -3*d. Suppose -p = 2*c - 4*c - 4335, d*p + 2*c = 12973. Is p composite?
False
Suppose -618 - 17 = -o. Is o a prime number?
False
Suppose 11*m - 683112 = -13*m. Is m composite?
False
Suppose -23*q - 11037 = -26*q. Is q a prime number?
False
Suppose 0 = 2*d + 2*d - 10084. Is d a prime number?
True
Suppose 1170 + 167 = 2*v + 3*z, -2*z - 10 = 0. Suppose -81 = 7*y - v. Is y a prime number?
False
Let o(s) = 797*s - 88. Is o(19) a composite number?
True
Let u(z) = -5*z**2 + 4. Let c be u(4). Let i = 1718 - 1589. Let x = i + c. Is x composite?
False
Let p(w) = 174*w**2 - 4*w + 5. Let x(h) = 175*h**2 - 4*h + 6. Let r(d) = -3*p(d) + 4*x(d). Is r(2) a composite number?
True
Let h(v) = 2*v**2 + 10*v - 10. Let o be h(7). Let m(n) = -n - 2*n - o*n**3 + 4*n. Is m(-1) a prime number?
True
Let i = 2947 + -1548. Is i a composite number?
False
Let x be (0 + (-3311)/(-2))/(2/4). Suppose 11*o - x = 1595. Is o a prime number?
False
Let k(d) = 43 + 45*d - 7 + 6. Is k(17) composite?
True
Let a be 255/6*(-6)/(-15). Let h be 0/(-1) + a - 1. Suppose -2335 = -21*p + h*p. Is p composite?
False
Let n(f) = 1416*f + 41. Is n(10) prime?
False
Let v(s) = 3887*s + 50. Let a(g) = 2592*g + 33. Let u(w) = 7*a(w) - 5*v(w). Is u(-2) a prime number?
False
Suppose -16*z = 3*z - 204839. Is z prime?
True
Suppose -4*q = 2*t - 45134, 0 = 2*t + 3*t - 25. Is q prime?
False
Suppose 5*k - 1160 = -2*x, 0*k - 453 = -2*k - 3*x. Let w = k + -695. Let p = w + 854. Is p a composite number?
True
Let c = 20 - 22. Is 1102/14 + 32/14 + c a prime number?
True
Let x(h) = -32*h**3 - h**2. Suppose -c = -10 + 11. Is x(c) composite?
False
Suppose -n - n + 438 = 0. Suppose -n = -3*r + 42. Is r a prime number?
False
Suppose 20 = 4*a - 80. Let c = a + -16. Suppose -5*q = -c*q + 444. Is q composite?
True
Is 1/(-3)*-16519 + (-4)/(-6) prime?
True
Let f(j) = -j**3 - 16*j**2 + 16*j - 14. Let p be f(-17). Is (-196)/p*-3 + -2 composite?
True
Let m be (-10)/(-8) + -1 + (-5606)/(-8). Suppose 6*w - 4*w + 3*z = 287, 2*z - m = -5*w. Is w prime?
True
Suppose a - 41349 = -4*u, 11*a = 9*a - 2*u + 82674. Is a composite?
False
Let a(r) = -r**3 + 33*r**2 + 26*r + 65. Is a(30) a prime number?
False
Let i = 24178 + -10977. Is i a prime number?
False
Suppose -3*o - o + 4 = 0, 3*o = -w + 20252. Is w composite?
False
Suppose 3*i + 2*g = 11, -2*i + 3*g + 2*g - 18 = 0. Let u(c) be the third derivative of 77*c**6/30 - c**4/12 + c**3/6 + 2*c**2 + 2*c. Is u(i) a prime number?
True
Suppose -2*q = -0*q - 4*q. Suppose 9*w - 11*w + 154 = q. Is w a composite number?
True
Let t = -3147 + 6008. Is t composite?
False
Suppose -4*d - 2*s = 3*s - 354, 0 = -s + 2. Suppose b - 105 = d. Is b composite?
False
Let z = -11303 - -21220. Is z a prime number?
False
Suppose 2*v - 5*v + 17331 = -2*u, -4*v + 2*u = -23110. Is v prime?
True
Let o(s) = -3*s - 75. Let a be o(-28). Suppose -213 = -a*q + 1128. Is q a composite number?
False
Let k(v) = 91*v - 2. Suppose -2*u - 52 = -2*g, -g + 0*u - 3*u = -42. Let x = g + -29. Is k(x) a composite number?
False
Let i(n) = 61*n**2 + 2*n - 1. Let d(m) be the second derivative of m**3/6 - 3*m**2/2 + 5*m. Let w be d(5). Is i(w) composite?
True
Let t(f) = 11*f**2 - 63. Is t(10) prime?
False
Let a(y) = 36*y**2 - 38*y + 5. Is a(11) a c